{"id":11252,"date":"2025-04-23T17:27:03","date_gmt":"2025-04-23T15:27:03","guid":{"rendered":"https:\/\/www.fnmotol.cz\/nas-tym\/pavel-basta\/"},"modified":"2025-12-04T09:19:57","modified_gmt":"2025-12-04T08:19:57","slug":"pavel-basta","status":"publish","type":"nas-tym","link":"https:\/\/www.fnmotol.cz\/en\/nas-tym\/pavel-basta\/","title":{"rendered":"Pavel Ba\u0161ta"},"content":{"rendered":"","protected":false},"author":7,"parent":0,"menu_order":0,"template":"","class_list":["post-11252","nas-tym","type-nas-tym","status-publish","hentry"],"acf":[],"yoast_head":"<!-- This site is optimized with the Yoast SEO plugin v22.7 - https:\/\/yoast.com\/wordpress\/plugins\/seo\/ -->\n<title>Pavel Ba\u0161ta - Fakultn\u00ed nemocnice Motol a Homolka<\/title>\n<meta name=\"robots\" content=\"index, follow, max-snippet:-1, max-image-preview:large, max-video-preview:-1\" \/>\n<link rel=\"canonical\" href=\"https:\/\/www.fnmotol.cz\/en\/nas-tym\/pavel-basta\/\" \/>\n<meta property=\"og:locale\" content=\"en_US\" \/>\n<meta property=\"og:type\" content=\"article\" \/>\n<meta property=\"og:title\" content=\"Pavel Ba\u0161ta - Fakultn\u00ed nemocnice Motol a Homolka\" \/>\n<meta property=\"og:url\" content=\"https:\/\/www.fnmotol.cz\/en\/nas-tym\/pavel-basta\/\" \/>\n<meta property=\"og:site_name\" content=\"Fakultn\u00ed nemocnice Motol a Homolka\" \/>\n<meta property=\"article:modified_time\" content=\"2025-12-04T08:19:57+00:00\" \/>\n<meta name=\"twitter:card\" content=\"summary_large_image\" \/>\n<script type=\"application\/ld+json\" class=\"yoast-schema-graph\">{\"@context\":\"https:\/\/schema.org\",\"@graph\":[{\"@type\":\"WebPage\",\"@id\":\"https:\/\/www.fnmotol.cz\/en\/nas-tym\/pavel-basta\/\",\"url\":\"https:\/\/www.fnmotol.cz\/en\/nas-tym\/pavel-basta\/\",\"name\":\"Pavel Ba\u0161ta - Fakultn\u00ed nemocnice Motol a Homolka\",\"isPartOf\":{\"@id\":\"https:\/\/www.fnmotol.cz\/#website\"},\"datePublished\":\"2025-04-23T15:27:03+00:00\",\"dateModified\":\"2025-12-04T08:19:57+00:00\",\"breadcrumb\":{\"@id\":\"https:\/\/www.fnmotol.cz\/en\/nas-tym\/pavel-basta\/#breadcrumb\"},\"inLanguage\":\"en-US\",\"potentialAction\":[{\"@type\":\"ReadAction\",\"target\":[\"https:\/\/www.fnmotol.cz\/en\/nas-tym\/pavel-basta\/\"]}]},{\"@type\":\"BreadcrumbList\",\"@id\":\"https:\/\/www.fnmotol.cz\/en\/nas-tym\/pavel-basta\/#breadcrumb\",\"itemListElement\":[{\"@type\":\"ListItem\",\"position\":1,\"name\":\"Dom\u016f\",\"item\":\"https:\/\/www.fnmotol.cz\/en\/\"},{\"@type\":\"ListItem\",\"position\":2,\"name\":\"N\u00e1\u0161 t\u00fdm\",\"item\":\"https:\/\/www.fnmotol.cz\/nas-tym\/\"},{\"@type\":\"ListItem\",\"position\":3,\"name\":\"Pavel Ba\u0161ta\"}]},{\"@type\":\"WebSite\",\"@id\":\"https:\/\/www.fnmotol.cz\/#website\",\"url\":\"https:\/\/www.fnmotol.cz\/\",\"name\":\"Fakultn\u00ed nemocnice Motol a Homolka\",\"description\":\"Fakultn\u00ed nemocnice Motol a Homolka je nejv\u011bt\u0161\u00ed zdravotnick\u00e9 za\u0159\u00edzen\u00ed v \u010cesku a jedno z nejv\u011bt\u0161\u00edch v Evrop\u011b s kapacitou v\u00edce jak 2 000 l\u016f\u017eek!\",\"potentialAction\":[{\"@type\":\"SearchAction\",\"target\":{\"@type\":\"EntryPoint\",\"urlTemplate\":\"https:\/\/www.fnmotol.cz\/?s={search_term_string}\"},\"query-input\":\"required name=search_term_string\"}],\"inLanguage\":\"en-US\"}]}<\/script>\n<!-- \/ Yoast SEO plugin. -->","yoast_head_json":{"title":"Pavel Ba\u0161ta - Fakultn\u00ed nemocnice Motol a Homolka","robots":{"index":"index","follow":"follow","max-snippet":"max-snippet:-1","max-image-preview":"max-image-preview:large","max-video-preview":"max-video-preview:-1"},"canonical":"https:\/\/www.fnmotol.cz\/en\/nas-tym\/pavel-basta\/","og_locale":"en_US","og_type":"article","og_title":"Pavel Ba\u0161ta - Fakultn\u00ed nemocnice Motol a Homolka","og_url":"https:\/\/www.fnmotol.cz\/en\/nas-tym\/pavel-basta\/","og_site_name":"Fakultn\u00ed nemocnice Motol a Homolka","article_modified_time":"2025-12-04T08:19:57+00:00","twitter_card":"summary_large_image","schema":{"@context":"https:\/\/schema.org","@graph":[{"@type":"WebPage","@id":"https:\/\/www.fnmotol.cz\/en\/nas-tym\/pavel-basta\/","url":"https:\/\/www.fnmotol.cz\/en\/nas-tym\/pavel-basta\/","name":"Pavel Ba\u0161ta - Fakultn\u00ed nemocnice Motol a Homolka","isPartOf":{"@id":"https:\/\/www.fnmotol.cz\/#website"},"datePublished":"2025-04-23T15:27:03+00:00","dateModified":"2025-12-04T08:19:57+00:00","breadcrumb":{"@id":"https:\/\/www.fnmotol.cz\/en\/nas-tym\/pavel-basta\/#breadcrumb"},"inLanguage":"en-US","potentialAction":[{"@type":"ReadAction","target":["https:\/\/www.fnmotol.cz\/en\/nas-tym\/pavel-basta\/"]}]},{"@type":"BreadcrumbList","@id":"https:\/\/www.fnmotol.cz\/en\/nas-tym\/pavel-basta\/#breadcrumb","itemListElement":[{"@type":"ListItem","position":1,"name":"Dom\u016f","item":"https:\/\/www.fnmotol.cz\/en\/"},{"@type":"ListItem","position":2,"name":"N\u00e1\u0161 t\u00fdm","item":"https:\/\/www.fnmotol.cz\/nas-tym\/"},{"@type":"ListItem","position":3,"name":"Pavel Ba\u0161ta"}]},{"@type":"WebSite","@id":"https:\/\/www.fnmotol.cz\/#website","url":"https:\/\/www.fnmotol.cz\/","name":"Fakultn\u00ed nemocnice Motol a Homolka","description":"Fakultn\u00ed nemocnice Motol a Homolka je nejv\u011bt\u0161\u00ed zdravotnick\u00e9 za\u0159\u00edzen\u00ed v \u010cesku a jedno z nejv\u011bt\u0161\u00edch v Evrop\u011b s kapacitou v\u00edce jak 2 000 l\u016f\u017eek!","potentialAction":[{"@type":"SearchAction","target":{"@type":"EntryPoint","urlTemplate":"https:\/\/www.fnmotol.cz\/?s={search_term_string}"},"query-input":"required name=search_term_string"}],"inLanguage":"en-US"}]}},"_links":{"self":[{"href":"https:\/\/www.fnmotol.cz\/en\/wp-json\/wp\/v2\/nas-tym\/11252","targetHints":{"allow":["GET"]}}],"collection":[{"href":"https:\/\/www.fnmotol.cz\/en\/wp-json\/wp\/v2\/nas-tym"}],"about":[{"href":"https:\/\/www.fnmotol.cz\/en\/wp-json\/wp\/v2\/types\/nas-tym"}],"author":[{"embeddable":true,"href":"https:\/\/www.fnmotol.cz\/en\/wp-json\/wp\/v2\/users\/7"}],"wp:attachment":[{"href":"https:\/\/www.fnmotol.cz\/en\/wp-json\/wp\/v2\/media?parent=11252"}],"curies":[{"name":"wp","href":"https:\/\/api.w.org\/{rel}","templated":true}]}}

Pavel Bašta

<!-- This site is optimized with the Yoast SEO plugin v22.7 - https://yoast.com/wordpress/plugins/seo/ -->
<title>Pavel Bašta - Fakultní nemocnice Motol a Homolka</title>
<meta name="robots" content="index, follow, max-snippet:-1, max-image-preview:large, max-video-preview:-1" />
<link rel="canonical" href="https://www.fnmotol.cz/en/nas-tym/pavel-basta/" />
<meta property="og:locale" content="en_US" />
<meta property="og:type" content="article" />
<meta property="og:title" content="Pavel Bašta - Fakultní nemocnice Motol a Homolka" />
<meta property="og:url" content="https://www.fnmotol.cz/en/nas-tym/pavel-basta/" />
<meta property="og:site_name" content="Fakultní nemocnice Motol a Homolka" />
<meta property="article:modified_time" content="2025-12-04T08:19:57+00:00" />
<meta name="twitter:card" content="summary_large_image" />
<script type="application/ld+json" class="yoast-schema-graph">{"@context":"https://schema.org","@graph":[{"@type":"WebPage","@id":"https://www.fnmotol.cz/en/nas-tym/pavel-basta/","url":"https://www.fnmotol.cz/en/nas-tym/pavel-basta/","name":"Pavel Bašta - Fakultní nemocnice Motol a Homolka","isPartOf":{"@id":"https://www.fnmotol.cz/#website"},"datePublished":"2025-04-23T15:27:03+00:00","dateModified":"2025-12-04T08:19:57+00:00","breadcrumb":{"@id":"https://www.fnmotol.cz/en/nas-tym/pavel-basta/#breadcrumb"},"inLanguage":"en-US","potentialAction":[{"@type":"ReadAction","target":["https://www.fnmotol.cz/en/nas-tym/pavel-basta/"]}]},{"@type":"BreadcrumbList","@id":"https://www.fnmotol.cz/en/nas-tym/pavel-basta/#breadcrumb","itemListElement":[{"@type":"ListItem","position":1,"name":"Domů","item":"https://www.fnmotol.cz/en/"},{"@type":"ListItem","position":2,"name":"Náš tým","item":"https://www.fnmotol.cz/nas-tym/"},{"@type":"ListItem","position":3,"name":"Pavel Bašta"}]},{"@type":"WebSite","@id":"https://www.fnmotol.cz/#website","url":"https://www.fnmotol.cz/","name":"Fakultní nemocnice Motol a Homolka","description":"Fakultní nemocnice Motol a Homolka je největší zdravotnické zařízení v Česku a jedno z největších v Evropě s kapacitou více jak 2 000 lůžek!","potentialAction":[{"@type":"SearchAction","target":{"@type":"EntryPoint","urlTemplate":"https://www.fnmotol.cz/?s={search_term_string}"},"query-input":"required name=search_term_string"}],"inLanguage":"en-US"}]}</script>
<!-- / Yoast SEO plugin. -->

Pavel Bašta - Fakultní nemocnice Motol a Homolka

Fakultní nemocnice Motol a Homolka

Domů

Náš tým

Fakultní nemocnice Motol a Homolka je největší zdravotnické zařízení v Česku a jedno z největších v Evropě s kapacitou více jak 2 000 lůžek!
